10. Let f be p(3). Let v = f - -688. Suppose 5*a + v = 7*a. What is the tens digit of a?
4
Let h be 1/(((-3)/(-63))/((-40475)/(-15))). Suppose 24*s + 11*s = h. What is the tens digit of s?
1
Suppose -5*t + 127 = 3*u, 0*u + 4*u - 85 = -3*t. Let n = 376 - t. What is the units digit of n?
3
What is the tens digit of 0 + (-14 - -74)*(-3555)/(-20)?
6
Let q(o) = 9*o + 1. Let c be q(3). Let m(z) = 2*z**2 + 131*z + 47. Let w be m(-65). Let r = c - w. What is the units digit of r?
6
What is the hundreds digit of ((-42554)/30)/(271/(-4065))?
2
What is the units digit of (7 - 0) + -14 + 922*1?
5
Let p = 31 + -30. Let x(w) = 167*w**2. Let a be x(p). Suppose 2*j + d - 4*d - a = 0, 2*d = 2. What is the units digit of j?
5
Suppose 19*g = 22*g - 4560. What is the hundreds digit of g?
5
Let b(d) = 1863*d - 3616. What is the hundreds digit of b(16)?
1
Let g be (-10 + 9)*(-1 + 1)/(-1). Suppose -2*h + 4 = 0, -2*h + g*h = -4*m + 672. What is the hundreds digit of m?
1
Let r be -2 + (-12)/3 + -22. What is the hundreds digit of (-31 + 0)*14/(r/30)?
4
Suppose 3*n - 5*m - 59 = 7*n, -4*n - 64 = 4*m. Let z(c) be the second derivative of -c**4/12 - 31*c**3/6 - 25*c**2/2 - 44*c. What is the units digit of z(n)?
5
Let x = -868 - -6549. What is the units digit of x?
1
Let f = -986 + 989. Suppose 0 = 4*l + 20*y - 16*y - 3552, 4*y = f*l - 2636. What is the units digit of l?
4
Suppose -649*n + 650*n = 0. Suppose n = 5*a + 2*k - 340, 2*a - 310 = -3*a + 4*k. What is the units digit of a?
6
Suppose -11*l = -14*l + 39. Suppose 0 = o + 5*a - l, o - 3*a + 3 = -24. What is the tens digit of (18/o)/((-1)/2) - -21?
2
Suppose 5*j = 2*j - 12. Let b(u) = -281 - 284 - 6*u**2 + 557 + 3*u - 5*u**3. What is the hundreds digit of b(j)?
2
Let b = 19162 + -13478. What is the hundreds digit of b?
6
Let l(i) = -5*i + 7. Let y be l(3). Let v be (6 + -3)*y/(-6). Suppose 0 = v*c - 3*h - 189, 0*h + 44 = c - 4*h. What is the tens digit of c?
4
Suppose -4*o - 6*y + 4 = -2*y, 2*y - 23 = 5*o. Let d be -4 + 8 + o + 125. Let k = 199 - d. What is the units digit of k?
3
Let b(v) = 5*v**2 + 168*v - 224. What is the units digit of b(-55)?
1
What is the thousands digit of 2 - (2 + -9 + -7 + -19248)?
9
Let a be 1/6*-2 - 22/33. Let d be (81 + a)*((-27)/(-5) + -3). Suppose -187*r = -191*r + d. What is the tens digit of r?
4
Let l be ((-2)/3)/(2388/2394 + -1). Let v = l - -142. What is the tens digit of v?
0
Let x = 2132 - -563. Suppose 6*o - x = 2663. What is the units digit of o?
3
Let m(h) = -6 - 2*h**2 + 7*h + 0 + 3*h**2 - 20. Let j be m(-10). What is the tens digit of (-18)/j*(0 - 460/15)?
3
Let w = 69 - 64. Suppose 4*t + t = 5*u + 35, 19 = -3*t - w*u. What is the units digit of 192/33 - t/(-11)?
6
What is the tens digit of 135/27 - 18 - -65574?
6
Let n(u) = 2*u**2 - 3*u - 2. Let o(v) = 8 - 9 - 10 - 5*v - 2. Let p be o(-4). What is the units digit of n(p)?
5
Let t be (212/(-12))/((-8)/2760*-5). What is the hundreds digit of 12 - 17 - (t + -2)?
2
Let p(a) = 7635*a**2 - 58*a + 159. What is the ten thousands digit of p(3)?
6
Suppose 4*q = 2*w + 20052, 718*q = 715*q + w + 15041. What is the tens digit of q?
1
Let a = 11600 - 3644. What is the hundreds digit of a?
9
Suppose 2*k - 2*g = 1484, 5*g + 1298 = 4*k - 1667. Let p = 1055 + k. What is the hundreds digit of p?
8
Suppose 4*a = a - 6. Let p = a - 7. What is the units digit of 4/(12/p) - (1 - 88)?
4
Let r(l) = l**2 + l + 19. Suppose -8*b + 15*b = 70. What is the tens digit of r(b)?
2
Suppose 3*o - 4*l - 183993 - 31883 = 0, -143932 = -2*o - l. What is the tens digit of o?
6
Let c(v) = -v**2 - 2*v - 29*v + 2 + 3 - 1. Let m be c(-31). Suppose -m*q - 228 = -6*q. What is the units digit of q?
4
Let d = -83200 - -42731. What is the units digit of (-4)/(-12) - d/39?
8
Suppose 4*q - 31016 = -0*q - 4*q. What is the hundreds digit of q?
8
Let o = -5 - -5. Suppose o = -5*q + 5, 2*w - 4*w + 3*q = -349. What is the tens digit of w?
7
What is the hundreds digit of (-1 - (-84)/2)/((-225114)/11849 - -19)?
5
Let a = -15126 - -21197. What is the tens digit of a?
7
What is the units digit of 12/32 - (-2274250)/400?
6
Let h be 38 - (2/6 + 50/(-15)). Suppose -165 + h = y. Let n = 0 - y. What is the units digit of n?
4
Suppose 31*w - 119813 = 9*w + 169003. What is the thousands digit of w?
3
Let q(v) = 3*v**3 - 17*v**2 - 5*v - 4. Let m be q(6). Let u be ((-123)/6 - m)/((-3)/(-6)). What is the tens digit of ((-9873)/u - -4) + 3/5?
2
Let s = 206 - 212. Let k(o) = -40*o - 87. What is the tens digit of k(s)?
5
Let f = 559 + -567. What is the hundreds digit of 1264 - f*15/(-20)?
2
Let t = 22 + -7. Suppose -10*i - t = -15*i. What is the hundreds digit of (i + -2)/(1/111)?
1
Let c be (2/4 - 4/24)*(1 + -16). Suppose -41 = -4*d + 159. Let y = d + c. What is the tens digit of y?
4
Suppose -235*l + 17622 = -217*l. What is the hundreds digit of l?
9
Let n = -49 + -63. Suppose 5*p + 20213 = 20233. What is the units digit of p/(-12)*2 - n/6?
8
Suppose -38*k + 121*k - 394831 = 0. What is the hundreds digit of k?
7
Suppose 10694 = -8*u + 60134. Suppose 0 = -18*b + 732 + u. What is the units digit of b?
4
Suppose -21*b + 42592 = 5*b + 6*b. What is the thousands digit of b?
1
Let v(z) = -249*z + 42. Let f be v(-10). Suppose -5*x = 302 - f. What is the units digit of x?
6
Let b(c) = -c**2 - 19*c + 13. Let m be b(-19). Let h(d) = -d**3 + 15*d**2 + 2*d - 1. Let t be h(m). Suppose -t - 405 = -6*u. What is the units digit of u?
8
Suppose -23*i = -82337 - 114313. Suppose -10*q = -25*q + i. What is the hundreds digit of q?
5
Let n = 76357 - 38563. What is the units digit of n?
4
Let u = -3652 + 4188. What is the tens digit of u?
3
Let z be (-100)/4*(-50)/5. Let j = z + -48. What is the hundreds digit of j?
2
Suppose -4*w = 3*h + 93, -2*h - 46 - 27 = -w. Let o = 35 + h. Let j(b) = -b**3 - b**2 - b + 34. What is the units digit of j(o)?
4
Let d = -1850 - -11976. What is the hundreds digit of d?
1
Suppose -3*c + 8 = -4*o, -19 = c + 5*o - 9. Suppose k + 4*s - 1147 = 0, -5*k = 4*s - c*s - 5751. What is the thousands digit of k?
1
Let c(r) = 501*r**2 - 114*r + 27. What is the thousands digit of c(-3)?
4
Let x(l) = 39*l - 425. Let j be x(11). Suppose -1372 = -2*v - j*i, -4*v + 6*i = 3*i - 2777. What is the hundreds digit of v?
6
Let f = -30978 - -44003. What is the hundreds digit of f?
0
Let f(x) = -4*x**2 - 4*x - 4. Let s = -92 - -90. Let y be f(s). What is the tens digit of ((-171)/y - 1)*4?
5
Let t(y) = 3*y**2 + 10*y - 15. Let k be t(-15). Let v = -113 + k. What is the hundreds digit of v?
3
Let g(h) = -138*h + 204. What is the thousands digit of g(-30)?
4
What is the thousands digit of (-479870)/(-32) - (-110)/1760?
4
Let f(o) = 17763*o + 594. What is the units digit of f(2)?
0
Let o(t) be the first derivative of 2*t**3/3 + 19*t**2/2 - 7*t - 29. Let a(r) = -r**2 + r - 1. Let u(p) = 3*a(p) + o(p). What is the tens digit of u(10)?
1
Let b = 30 - 26. Suppose -3*q + 2*j = -8*q + 15, -b*q = -3*j + 11. What is the tens digit of 267/5 - q*(-6)/10?
5
Let n = -530 + 1092. Let c = n + -174. What is the units digit of c?
8
Let a be (688/(-88) - -6) + 2/(-11). What is the units digit of (2/3)/a + 134018/339?
5
Suppose -3926 = 5*l - 2*x, 4*x = -l + 5*x - 787. Let o = -85 - l. What is the units digit of o?
9
Let n(x) = -6*x**2 + 6*x - 13. Let d be n(3). Let k = d + 51. Suppose -k*v - 205 = -h, 2*h - 7*v - 412 = -4*v. What is the units digit of h?
9
Let q = 68 + -76. What is the units digit of (-10)/3*(-12)/q - -244?
9
Let b(k) = -381*k + 819. What is the hundreds digit of b(-15)?
5
Let u(y) = -y**2 + 114. Let p be u(-13). What is the units digit of -4 + (49 + -3)*p/(-10)?
9
What is the tens digit of 1 + 0 + 419 - (-5)/(35/(-49))?
1
Suppose -53 = 2*y - 29. What is the tens digit of ((-6375)/(-34))/(9/y*-1)?
5
Suppose 5*i - 80819 = 2*m, -i = -5*m - 9444 - 6752. What is the hundreds digit of i?
1
Let a be ((-2)/(-5))/(2/(-90)). Let j be ((-20)/(-6))/((84/a)/(-7)). Suppose -2*p + j + 81 = 0. What is the units digit of p?
3
Suppose 3*d + u - 5*u = 11, -3*d + u + 14 = 0. Suppose d*a + 0*a - 850 = 0. Suppose 0*b + a = 5*b. What is the tens digit of b?
3
Let c = 2596 + 12908. What is the hundreds digit of c?
5
Let c(v) = 176*v - 54. Let s be c(10). Let q = s + -1197. What is the units digit of q?
9
Suppose 0 = 3*r, 4*r = 8*o - 